{"id":69251,"date":"2019-03-25T10:46:41","date_gmt":"2019-03-25T09:46:41","guid":{"rendered":"http:\/\/tagespflege-wirtz.de\/asfd845qaw3\/?page_id=69251"},"modified":"2019-05-15T13:55:18","modified_gmt":"2019-05-15T11:55:18","slug":"impressum","status":"publish","type":"page","link":"http:\/\/tagespflege-wirtz.de\/asfd845qaw3\/impressum\/","title":{"rendered":"Impressum"},"content":{"rendered":"<p>[et_pb_section bb_built=&#8220;1&#8243; fullwidth=&#8220;on&#8220; specialty=&#8220;off&#8220; next_background_color=&#8220;#f4e4a6&#8243; _builder_version=&#8220;3.19.17&#8243; box_shadow_style=&#8220;preset3&#8243;][et_pb_fullwidth_image admin_label=&#8220;Volle Breite des Bildes &#8211; willkommen_bild.png&#8220; _builder_version=&#8220;3.19.17&#8243; src=&#8220;http:\/\/tagespflege-wirtz.de\/asfd845qaw3\/wp-content\/uploads\/2019\/05\/Header_Start_Tagespflege_Burgstaedt.png&#8220; custom_margin=&#8220;20px||10px|&#8220; \/][\/et_pb_section][et_pb_section bb_built=&#8220;1&#8243; specialty=&#8220;off&#8220; prev_background_color=&#8220;#ffffff&#8220; _builder_version=&#8220;3.19.17&#8243; custom_margin=&#8220;0px||10px|&#8220; box_shadow_style=&#8220;preset3&#8243; background_color=&#8220;#f4e4a6&#8243;][et_pb_row _builder_version=&#8220;3.19.17&#8243; make_equal=&#8220;on&#8220; custom_margin=&#8220;0px||0px|&#8220; custom_padding=&#8220;0px||0px|&#8220;][et_pb_column type=&#8220;4_4&#8243;][et_pb_text admin_label=&#8220;\u00dcberschrift  &#8211; Impressum&#8220; _builder_version=&#8220;3.19.17&#8243; text_font_size=&#8220;16px&#8220;]<\/p>\n<div>\n<div>\n<div>\n<div>\n<div>\n<h1>Impressum<\/h1>\n<\/div>\n<\/div>\n<\/div>\n<\/div>\n<\/div>\n<p>[\/et_pb_text][\/et_pb_column][\/et_pb_row][et_pb_row _builder_version=&#8220;3.19.17&#8243; custom_padding=&#8220;0px|||&#8220;][et_pb_column type=&#8220;1_2&#8243;][et_pb_text admin_label=&#8220;Text &#8211; Impressum-Kontaktdaten&#8220; _builder_version=&#8220;3.19.17&#8243; text_font_size=&#8220;16px&#8220;]<\/p>\n<div>\n<div>\n<div>\n<div>\n<div>\n<div>\n<div>\n<div>\n<div>\n<div>\n<div>\n<div>\n<p><strong>Tagespflege &#8222;Am alten Amtsgericht&#8220; | Pflegeservice Wirtz GmbH<\/strong><br \/>Ahnataler Platz 1<br \/>09217 Burgst\u00e4dt<\/p>\n<p><strong>Vertretungsberechtigter: <\/strong>Uwe Wirtz<\/p>\n<p><strong>E-Mail:<\/strong> <a href=\"mailto:info@tagespflege-burgstaedt.de\">info@tagespflege-burgstaedt.de<\/a><br \/><strong>Telefon:<\/strong><a href=\"tel:+4937123579969\">\u00a0<\/a><a href=\"tel:+4937248479933\">03724.847 99 33<\/a><\/p>\n<p><strong>Steuernummer: <\/strong><br \/><strong>USt-ID-Nr.: <\/strong><br \/><strong>Finanzamt: <\/strong>Chemnitz<\/p>\n<\/div>\n<\/div>\n<\/div>\n<\/div>\n<\/div>\n<\/div>\n<\/div>\n<\/div>\n<\/div>\n<\/div>\n<\/div>\n<\/div>\n<p>[\/et_pb_text][\/et_pb_column][et_pb_column type=&#8220;1_2&#8243;][et_pb_text admin_label=&#8220;Text &#8211; Impressum-Quellen&#8220; _builder_version=&#8220;3.19.17&#8243; text_font_size=&#8220;16px&#8220;]<\/p>\n<div>\n<div>\n<div>\n<div>\n<div>\n<div>\n<div>\n<div>\n<div>\n<div>\n<div>\n<div>\n<div>\n<div>\n<div>\n<div>\n<div>\n<div>\n<div>\n<p><strong>letzte Aktualisierung:<\/strong> 04.2019<\/p>\n<p><strong>Foto Quellen:<\/strong> eigene Aufnahmen | ShutterStock | L&amp;H Marketing Werbeagentur<\/p>\n<p><strong>Gestaltung:<\/strong><a href=\"http:\/\/www.l-und-h.de\/\">\u00a0L&amp;H Marketing Werbeagentur<br \/><\/a><\/p>\n<p><strong>Hosting\/Programmierung:<\/strong><a href=\"http:\/\/www.lhmediaportal.de\/\">\u00a0L&amp;H Media Onlinemarketing<\/a><br \/>L&amp;H Marketing Werbeagentur und L&amp;H Media Onlinemarketing sind Marken der L&amp;H Dialog GmbH<\/p>\n<\/div>\n<\/div>\n<\/div>\n<\/div>\n<\/div>\n<\/div>\n<\/div>\n<\/div>\n<\/div>\n<\/div>\n<\/div>\n<\/div>\n<\/div>\n<\/div>\n<\/div>\n<\/div>\n<\/div>\n<\/div>\n<\/div>\n<p>[\/et_pb_text][\/et_pb_column][\/et_pb_row][et_pb_row _builder_version=&#8220;3.19.17&#8243; custom_padding=&#8220;0px|||&#8220;][et_pb_column type=&#8220;4_4&#8243;][et_pb_text admin_label=&#8220;Text &#8211; Impressum&#8220; _builder_version=&#8220;3.19.17&#8243; text_font_size=&#8220;16px&#8220;]<\/p>\n<div>\n<div>\n<div>\n<div>\n<div>\n<div>\n<div>\n<div>\n<div>\n<div>\n<div>\n<div>\n<div>\n<div>\n<div>\n<div>\n<div>\n<div>\n<div>\n<p><strong>Verwendung der Inhalte:<\/strong><br \/>Verwendung von Teilen oder Ausz\u00fcgen (Text und Grafiken) sowie eine Verlinkung von Ausz\u00fcgen oder einzelnen Seiten bedarf der ausdr\u00fccklichen Zustimmung des Vertretungsberechtigten.<\/p>\n<p><strong>Haftungsausschluss:<\/strong><\/p>\n<p><strong>Inhalt des Onlineangebotes<\/strong><br \/>Der Autor \u00fcbernimmt keinerlei Gew\u00e4hr f\u00fcr die Aktualit\u00e4t, Korrektheit, Vollst\u00e4ndigkeit oder Qualit\u00e4t der bereitgestellten Informationen. Haftungsanspr\u00fcche gegen den Autor, welche sich auf Sch\u00e4den materieller oder ideeller Art beziehen, die durch die Nutzung oder Nichtnutzung der dargebotenen Informationen bzw. durch die Nutzung fehlerhafter und unvollst\u00e4ndiger Informationen verursacht wurden, sind grunds\u00e4tzlich ausgeschlossen, sofern seitens des Autors kein nachweislich vors\u00e4tzliches oder grob fahrl\u00e4ssiges Verschulden vorliegt. Alle Angebote sind freibleibend und unverbindlich. Der Autor beh\u00e4lt es sich ausdr\u00fccklich vor, Teile der Seiten oder das gesamte Angebot ohne gesonderte Ank\u00fcndigung zu ver\u00e4ndern, zu erg\u00e4nzen, zu l\u00f6schen oder die Ver\u00f6ffentlichung zeitweise oder endg\u00fcltig einzustellen.<\/p>\n<p>Hiermit distanzieren wir uns ausdr\u00fccklich von allen Inhalten aller verlinkten Seiten und den Links folgenden Seiten von dieser Pr\u00e4sentation und machen uns diese Inhalte nicht zu eigen. F\u00fcr die Richtigkeit und Vollst\u00e4ndigkeit \u00fcbernehmen wir keine Haftung. Diese Erkl\u00e4rung gilt f\u00fcr alle auf dieser Homepage angebrachten Links.<\/p>\n<p><strong>Verweise und Links<\/strong><br \/>Bei direkten oder indirekten Verweisen auf fremde Internetseiten, sog. Links, die au\u00dferhalb des Verantwortungsbereiches des Autors liegen, w\u00fcrde eine Haftungsverpflichtung ausschlie\u00dflich in dem Fall in Kraft treten, in dem der Autor von den Inhalten Kenntnis hat und es ihm technisch m\u00f6glich und zumutbar w\u00e4re, die Nutzung im Falle rechtswidriger Inhalte zu verhindern. Der Autor erkl\u00e4rt hiermit ausdr\u00fccklich, dass zum Zeitpunkt der Linksetzung die entsprechenden verlinkten Seiten frei von illegalen Inhalten waren. Auf die aktuelle und zuk\u00fcnftige Gestaltung, die Inhalte oder die Urheberschaft der gelinkten\/verkn\u00fcpften Seiten hat der Autor keinerlei Einfluss. Deshalb distanziert er sich hiermit ausdr\u00fccklich von allen Inhalten aller gelinkten \/verkn\u00fcpften Seiten, die nach der Linksetzung ver\u00e4ndert wurden. Diese Feststellung gilt f\u00fcr alle, innerhalb des eigenen Internetangebotes gesetzten Links und Verweise.<\/p>\n<p><strong>Urheber- und Kennzeichenrecht<\/strong><br \/>Der Autor ist bestrebt, in allen Publikationen die Urheberrechte der verwendeten Grafiken und Texte zu beachten, von ihm selbst erstellte Grafiken, Texte zu nutzen oder auf lizenzfreie Grafiken und Texte zur\u00fcckzugreifen. Alle innerhalb des Internetangebotes genannten und ggf. durch Dritte gesch\u00fctzten Marken- und Warenzeichen unterliegen uneingeschr\u00e4nkt den Bestimmungen des jeweils g\u00fcltigen Kennzeichenrechts und den Besitzrechten der jeweiligen eingetragenen Eigent\u00fcmer. Allein aufgrund der blo\u00dfen Nennung ist nicht der Schluss zu ziehen, dass Markenzeichen nicht durch Rechte Dritter gesch\u00fctzt sind. Das Copyright f\u00fcr ver\u00f6ffentlichte, vom Autor selbst erstellte Objekte bleibt allein beim Autor der Seiten. Eine Vervielf\u00e4ltigung oder Verwendung solcher Grafiken und Texte in anderen elektronischen oder gedruckten Publikationen ist ohne ausdr\u00fcckliche Zustimmung des Autors nicht gestattet. Die verwendeten Logos und Markenzeichen sind jeweils Eigentum des jeweiligen Marken-Inhabers. Das Copyright der auf diesen Seiten ver\u00f6ffentlichten Inhalte, Bilder, Grafiken und Layouts liegt beim Betreiber (siehe oben). Die Vervielf\u00e4ltigung bzw. Verwendung der erstellten Inhalte ist ohne ausdr\u00fcckliche Zustimmung des Inhabers nicht gestattet. Etwaige im Internetangebot genannte und u.U. gesch\u00fctzte Marken- und Warenzeichen unterliegen den g\u00fcltigen Copyright und Eigentumsrechten des jeweiligen Inhabers, auch wenn auf evtl. vorhandene Schutzrechte nicht explizit hingewiesen wird.<\/p>\n<p><strong>Rechtswirksamkeit dieses Haftungsausschlusses<\/strong><br \/>Dieser Haftungsausschluss ist als Teil des Internetangebotes zu betrachten, von dem aus auf diese Seite verwiesen wurde. Sofern Teile oder einzelne Formulierungen dieses Textes der geltenden Rechtslage nicht, nicht mehr oder nicht vollst\u00e4ndig entsprechen sollten, bleiben die \u00fcbrigen Teile des Dokumentes in ihrem Inhalt und ihrer G\u00fcltigkeit davon unber\u00fchrt.<\/p>\n<p><strong>Verbraucherinformation gem\u00e4\u00df EU Verordnung 524\/2013<\/strong><br \/>Gem\u00e4\u00df o.g. Verordnung m\u00fcssen in der EU niedergelassene Unternehmen, die Online-Kaufvertr\u00e4ge oder Online-Dienstleistungsvertr\u00e4ge eingehen, einen Link zur OS-Plattform (Online-Streitbeilegung in Verbraucherangelegenheiten der europ\u00e4ischen Union) bereitstellen: <a href=\"https:\/\/de.wikipedia.org\/wiki\/Verordnung_%28EU%29_Nr._524\/2013_%28ODR-Verordnung%29\">Link<\/a><br \/>Unsere Mail zu OS: <a href=\"mailto:info@tagespflege-burgstaedt.de\">info@tagespflege-burgstaedt.de<\/a><\/p>\n<p><strong>\u00a9 2019 Tagespflege &#8222;Am alten Amtsgericht&#8220; |\u00a0 Pflegeservice Wirtz GmbH<\/strong><\/p>\n<p>Keine Haftung f\u00fcr Daten und Inhalte.<br \/>Nutzung dieses Dienstes auf eigene Gefahr.<br \/>Vervielf\u00e4ltigung und Verbreitung dieses Dokumentes au\u00dferhalb des Verantwortungsbereiches ist untersagt.<\/p>\n<\/div>\n<\/div>\n<\/div>\n<\/div>\n<\/div>\n<\/div>\n<\/div>\n<\/div>\n<\/div>\n<\/div>\n<\/div>\n<\/div>\n<\/div>\n<\/div>\n<\/div>\n<\/div>\n<\/div>\n<\/div>\n<\/div>\n<p>[\/et_pb_text][\/et_pb_column][\/et_pb_row][\/et_pb_section]<\/p>\n","protected":false},"excerpt":{"rendered":"<p>[et_pb_section bb_built=&#8220;1&#8243; fullwidth=&#8220;on&#8220; specialty=&#8220;off&#8220; next_background_color=&#8220;#f4e4a6&#8243; _builder_version=&#8220;3.19.17&#8243; box_shadow_style=&#8220;preset3&#8243;][et_pb_fullwidth_image admin_label=&#8220;Volle Breite des Bildes &#8211; willkommen_bild.png&#8220; _builder_version=&#8220;3.19.17&#8243; src=&#8220;http:\/\/tagespflege-wirtz.de\/asfd845qaw3\/wp-content\/uploads\/2019\/05\/Header_Start_Tagespflege_Burgstaedt.png&#8220; custom_margin=&#8220;20px||10px|&#8220; \/][\/et_pb_section][et_pb_section bb_built=&#8220;1&#8243; specialty=&#8220;off&#8220; prev_background_color=&#8220;#ffffff&#8220; _builder_version=&#8220;3.19.17&#8243; custom_margin=&#8220;0px||10px|&#8220; box_shadow_style=&#8220;preset3&#8243; background_color=&#8220;#f4e4a6&#8243;][et_pb_row _builder_version=&#8220;3.19.17&#8243; make_equal=&#8220;on&#8220; custom_margin=&#8220;0px||0px|&#8220; custom_padding=&#8220;0px||0px|&#8220;][et_pb_column type=&#8220;4_4&#8243;][et_pb_text admin_label=&#8220;\u00dcberschrift &#8211; Impressum&#8220; _builder_version=&#8220;3.19.17&#8243; text_font_size=&#8220;16px&#8220;] Impressum [\/et_pb_text][\/et_pb_column][\/et_pb_row][et_pb_row _builder_version=&#8220;3.19.17&#8243; custom_padding=&#8220;0px|||&#8220;][et_pb_column type=&#8220;1_2&#8243;][et_pb_text admin_label=&#8220;Text &#8211; Impressum-Kontaktdaten&#8220; _builder_version=&#8220;3.19.17&#8243; text_font_size=&#8220;16px&#8220;] Tagespflege &#8222;Am alten Amtsgericht&#8220; | Pflegeservice Wirtz GmbHAhnataler Platz 109217 Burgst\u00e4dt [&hellip;]<\/p>\n","protected":false},"author":1,"featured_media":0,"parent":0,"menu_order":0,"comment_status":"closed","ping_status":"closed","template":"","meta":{"_et_pb_use_builder":"on","_et_pb_old_content":"","footnotes":""},"class_list":["post-69251","page","type-page","status-publish","hentry"],"_links":{"self":[{"href":"http:\/\/tagespflege-wirtz.de\/asfd845qaw3\/wp-json\/wp\/v2\/pages\/69251"}],"collection":[{"href":"http:\/\/tagespflege-wirtz.de\/asfd845qaw3\/wp-json\/wp\/v2\/pages"}],"about":[{"href":"http:\/\/tagespflege-wirtz.de\/asfd845qaw3\/wp-json\/wp\/v2\/types\/page"}],"author":[{"embeddable":true,"href":"http:\/\/tagespflege-wirtz.de\/asfd845qaw3\/wp-json\/wp\/v2\/users\/1"}],"replies":[{"embeddable":true,"href":"http:\/\/tagespflege-wirtz.de\/asfd845qaw3\/wp-json\/wp\/v2\/comments?post=69251"}],"version-history":[{"count":15,"href":"http:\/\/tagespflege-wirtz.de\/asfd845qaw3\/wp-json\/wp\/v2\/pages\/69251\/revisions"}],"predecessor-version":[{"id":70072,"href":"http:\/\/tagespflege-wirtz.de\/asfd845qaw3\/wp-json\/wp\/v2\/pages\/69251\/revisions\/70072"}],"wp:attachment":[{"href":"http:\/\/tagespflege-wirtz.de\/asfd845qaw3\/wp-json\/wp\/v2\/media?parent=69251"}],"curies":[{"name":"wp","href":"https:\/\/api.w.org\/{rel}","templated":true}]}}

<p>[et_pb_section bb_built=&#8220;1&#8243; fullwidth=&#8220;on&#8220; specialty=&#8220;off&#8220; next_background_color=&#8220;#f4e4a6&#8243; _builder_version=&#8220;3.19.17&#8243; box_shadow_style=&#8220;preset3&#8243;][et_pb_fullwidth_image admin_label=&#8220;Volle Breite des Bildes &#8211; willkommen_bild.png&#8220; _builder_version=&#8220;3.19.17&#8243; src=&#8220;http://tagespflege-wirtz.de/asfd845qaw3/wp-content/uploads/2019/05/Header_Start_Tagespflege_Burgstaedt.png&#8220; custom_margin=&#8220;20px||10px|&#8220; /][/et_pb_section][et_pb_section bb_built=&#8220;1&#8243; specialty=&#8220;off&#8220; prev_background_color=&#8220;#ffffff&#8220; _builder_version=&#8220;3.19.17&#8243; custom_margin=&#8220;0px||10px|&#8220; box_shadow_style=&#8220;preset3&#8243; background_color=&#8220;#f4e4a6&#8243;][et_pb_row _builder_version=&#8220;3.19.17&#8243; make_equal=&#8220;on&#8220; custom_margin=&#8220;0px||0px|&#8220; custom_padding=&#8220;0px||0px|&#8220;][et_pb_column type=&#8220;4_4&#8243;][et_pb_text admin_label=&#8220;Überschrift  &#8211; Impressum&#8220; _builder_version=&#8220;3.19.17&#8243; text_font_size=&#8220;16px&#8220;]</p>
<div>
<div>
<div>
<div>
<div>
<h1>Impressum</h1>
</div>
</div>
</div>
</div>
</div>
<p>[/et_pb_text][/et_pb_column][/et_pb_row][et_pb_row _builder_version=&#8220;3.19.17&#8243; custom_padding=&#8220;0px|||&#8220;][et_pb_column type=&#8220;1_2&#8243;][et_pb_text admin_label=&#8220;Text &#8211; Impressum-Kontaktdaten&#8220; _builder_version=&#8220;3.19.17&#8243; text_font_size=&#8220;16px&#8220;]</p>
<div>
<div>
<div>
<div>
<div>
<div>
<div>
<div>
<div>
<div>
<div>
<div>
<p><strong>Tagespflege &#8222;Am alten Amtsgericht&#8220; | Pflegeservice Wirtz GmbH</strong><br />Ahnataler Platz 1<br />09217 Burgstädt</p>
<p><strong>Vertretungsberechtigter: </strong>Uwe Wirtz</p>
<p><strong>E-Mail:</strong> <a href="mailto:info@tagespflege-burgstaedt.de">info@tagespflege-burgstaedt.de</a><br /><strong>Telefon:</strong><a href="tel:+4937123579969"> </a><a href="tel:+4937248479933">03724.847 99 33</a></p>
<p><strong>Steuernummer: </strong><br /><strong>USt-ID-Nr.: </strong><br /><strong>Finanzamt: </strong>Chemnitz</p>
</div>
</div>
</div>
</div>
</div>
</div>
</div>
</div>
</div>
</div>
</div>
</div>
<p>[/et_pb_text][/et_pb_column][et_pb_column type=&#8220;1_2&#8243;][et_pb_text admin_label=&#8220;Text &#8211; Impressum-Quellen&#8220; _builder_version=&#8220;3.19.17&#8243; text_font_size=&#8220;16px&#8220;]</p>
<div>
<div>
<div>
<div>
<div>
<div>
<div>
<div>
<div>
<div>
<div>
<div>
<div>
<div>
<div>
<div>
<div>
<div>
<div>
<p><strong>letzte Aktualisierung:</strong> 04.2019</p>
<p><strong>Foto Quellen:</strong> eigene Aufnahmen | ShutterStock | L&amp;H Marketing Werbeagentur</p>
<p><strong>Gestaltung:</strong><a href="http://www.l-und-h.de/"> L&amp;H Marketing Werbeagentur<br /></a></p>
<p><strong>Hosting/Programmierung:</strong><a href="http://www.lhmediaportal.de/"> L&amp;H Media Onlinemarketing</a><br />L&amp;H Marketing Werbeagentur und L&amp;H Media Onlinemarketing sind Marken der L&amp;H Dialog GmbH</p>
</div>
</div>
</div>
</div>
</div>
</div>
</div>
</div>
</div>
</div>
</div>
</div>
</div>
</div>
</div>
</div>
</div>
</div>
</div>
<p>[/et_pb_text][/et_pb_column][/et_pb_row][et_pb_row _builder_version=&#8220;3.19.17&#8243; custom_padding=&#8220;0px|||&#8220;][et_pb_column type=&#8220;4_4&#8243;][et_pb_text admin_label=&#8220;Text &#8211; Impressum&#8220; _builder_version=&#8220;3.19.17&#8243; text_font_size=&#8220;16px&#8220;]</p>
<div>
<div>
<div>
<div>
<div>
<div>
<div>
<div>
<div>
<div>
<div>
<div>
<div>
<div>
<div>
<div>
<div>
<div>
<div>
<p><strong>Verwendung der Inhalte:</strong><br />Verwendung von Teilen oder Auszügen (Text und Grafiken) sowie eine Verlinkung von Auszügen oder einzelnen Seiten bedarf der ausdrücklichen Zustimmung des Vertretungsberechtigten.</p>
<p><strong>Haftungsausschluss:</strong></p>
<p><strong>Inhalt des Onlineangebotes</strong><br />Der Autor übernimmt keinerlei Gewähr für die Aktualität, Korrektheit, Vollständigkeit oder Qualität der bereitgestellten Informationen. Haftungsansprüche gegen den Autor, welche sich auf Schäden materieller oder ideeller Art beziehen, die durch die Nutzung oder Nichtnutzung der dargebotenen Informationen bzw. durch die Nutzung fehlerhafter und unvollständiger Informationen verursacht wurden, sind grundsätzlich ausgeschlossen, sofern seitens des Autors kein nachweislich vorsätzliches oder grob fahrlässiges Verschulden vorliegt. Alle Angebote sind freibleibend und unverbindlich. Der Autor behält es sich ausdrücklich vor, Teile der Seiten oder das gesamte Angebot ohne gesonderte Ankündigung zu verändern, zu ergänzen, zu löschen oder die Veröffentlichung zeitweise oder endgültig einzustellen.</p>
<p>Hiermit distanzieren wir uns ausdrücklich von allen Inhalten aller verlinkten Seiten und den Links folgenden Seiten von dieser Präsentation und machen uns diese Inhalte nicht zu eigen. Für die Richtigkeit und Vollständigkeit übernehmen wir keine Haftung. Diese Erklärung gilt für alle auf dieser Homepage angebrachten Links.</p>
<p><strong>Verweise und Links</strong><br />Bei direkten oder indirekten Verweisen auf fremde Internetseiten, sog. Links, die außerhalb des Verantwortungsbereiches des Autors liegen, würde eine Haftungsverpflichtung ausschließlich in dem Fall in Kraft treten, in dem der Autor von den Inhalten Kenntnis hat und es ihm technisch möglich und zumutbar wäre, die Nutzung im Falle rechtswidriger Inhalte zu verhindern. Der Autor erklärt hiermit ausdrücklich, dass zum Zeitpunkt der Linksetzung die entsprechenden verlinkten Seiten frei von illegalen Inhalten waren. Auf die aktuelle und zukünftige Gestaltung, die Inhalte oder die Urheberschaft der gelinkten/verknüpften Seiten hat der Autor keinerlei Einfluss. Deshalb distanziert er sich hiermit ausdrücklich von allen Inhalten aller gelinkten /verknüpften Seiten, die nach der Linksetzung verändert wurden. Diese Feststellung gilt für alle, innerhalb des eigenen Internetangebotes gesetzten Links und Verweise.</p>
<p><strong>Urheber- und Kennzeichenrecht</strong><br />Der Autor ist bestrebt, in allen Publikationen die Urheberrechte der verwendeten Grafiken und Texte zu beachten, von ihm selbst erstellte Grafiken, Texte zu nutzen oder auf lizenzfreie Grafiken und Texte zurückzugreifen. Alle innerhalb des Internetangebotes genannten und ggf. durch Dritte geschützten Marken- und Warenzeichen unterliegen uneingeschränkt den Bestimmungen des jeweils gültigen Kennzeichenrechts und den Besitzrechten der jeweiligen eingetragenen Eigentümer. Allein aufgrund der bloßen Nennung ist nicht der Schluss zu ziehen, dass Markenzeichen nicht durch Rechte Dritter geschützt sind. Das Copyright für veröffentlichte, vom Autor selbst erstellte Objekte bleibt allein beim Autor der Seiten. Eine Vervielfältigung oder Verwendung solcher Grafiken und Texte in anderen elektronischen oder gedruckten Publikationen ist ohne ausdrückliche Zustimmung des Autors nicht gestattet. Die verwendeten Logos und Markenzeichen sind jeweils Eigentum des jeweiligen Marken-Inhabers. Das Copyright der auf diesen Seiten veröffentlichten Inhalte, Bilder, Grafiken und Layouts liegt beim Betreiber (siehe oben). Die Vervielfältigung bzw. Verwendung der erstellten Inhalte ist ohne ausdrückliche Zustimmung des Inhabers nicht gestattet. Etwaige im Internetangebot genannte und u.U. geschützte Marken- und Warenzeichen unterliegen den gültigen Copyright und Eigentumsrechten des jeweiligen Inhabers, auch wenn auf evtl. vorhandene Schutzrechte nicht explizit hingewiesen wird.</p>
<p><strong>Rechtswirksamkeit dieses Haftungsausschlusses</strong><br />Dieser Haftungsausschluss ist als Teil des Internetangebotes zu betrachten, von dem aus auf diese Seite verwiesen wurde. Sofern Teile oder einzelne Formulierungen dieses Textes der geltenden Rechtslage nicht, nicht mehr oder nicht vollständig entsprechen sollten, bleiben die übrigen Teile des Dokumentes in ihrem Inhalt und ihrer Gültigkeit davon unberührt.</p>
<p><strong>Verbraucherinformation gemäß EU Verordnung 524/2013</strong><br />Gemäß o.g. Verordnung müssen in der EU niedergelassene Unternehmen, die Online-Kaufverträge oder Online-Dienstleistungsverträge eingehen, einen Link zur OS-Plattform (Online-Streitbeilegung in Verbraucherangelegenheiten der europäischen Union) bereitstellen: <a href="https://de.wikipedia.org/wiki/Verordnung_%28EU%29_Nr._524/2013_%28ODR-Verordnung%29">Link</a><br />Unsere Mail zu OS: <a href="mailto:info@tagespflege-burgstaedt.de">info@tagespflege-burgstaedt.de</a></p>
<p><strong>© 2019 Tagespflege &#8222;Am alten Amtsgericht&#8220; |  Pflegeservice Wirtz GmbH</strong></p>
<p>Keine Haftung für Daten und Inhalte.<br />Nutzung dieses Dienstes auf eigene Gefahr.<br />Vervielfältigung und Verbreitung dieses Dokumentes außerhalb des Verantwortungsbereiches ist untersagt.</p>
</div>
</div>
</div>
</div>
</div>
</div>
</div>
</div>
</div>
</div>
</div>
</div>
</div>
</div>
</div>
</div>
</div>
</div>
</div>
<p>[/et_pb_text][/et_pb_column][/et_pb_row][/et_pb_section]</p>

<p>[et_pb_section bb_built=&#8220;1&#8243; fullwidth=&#8220;on&#8220; specialty=&#8220;off&#8220; next_background_color=&#8220;#f4e4a6&#8243; _builder_version=&#8220;3.19.17&#8243; box_shadow_style=&#8220;preset3&#8243;][et_pb_fullwidth_image admin_label=&#8220;Volle Breite des Bildes &#8211; willkommen_bild.png&#8220; _builder_version=&#8220;3.19.17&#8243; src=&#8220;http://tagespflege-wirtz.de/asfd845qaw3/wp-content/uploads/2019/05/Header_Start_Tagespflege_Burgstaedt.png&#8220; custom_margin=&#8220;20px||10px|&#8220; /][/et_pb_section][et_pb_section bb_built=&#8220;1&#8243; specialty=&#8220;off&#8220; prev_background_color=&#8220;#ffffff&#8220; _builder_version=&#8220;3.19.17&#8243; custom_margin=&#8220;0px||10px|&#8220; box_shadow_style=&#8220;preset3&#8243; background_color=&#8220;#f4e4a6&#8243;][et_pb_row _builder_version=&#8220;3.19.17&#8243; make_equal=&#8220;on&#8220; custom_margin=&#8220;0px||0px|&#8220; custom_padding=&#8220;0px||0px|&#8220;][et_pb_column type=&#8220;4_4&#8243;][et_pb_text admin_label=&#8220;Überschrift &#8211; Impressum&#8220; _builder_version=&#8220;3.19.17&#8243; text_font_size=&#8220;16px&#8220;] Impressum [/et_pb_text][/et_pb_column][/et_pb_row][et_pb_row _builder_version=&#8220;3.19.17&#8243; custom_padding=&#8220;0px|||&#8220;][et_pb_column type=&#8220;1_2&#8243;][et_pb_text admin_label=&#8220;Text &#8211; Impressum-Kontaktdaten&#8220; _builder_version=&#8220;3.19.17&#8243; text_font_size=&#8220;16px&#8220;] Tagespflege &#8222;Am alten Amtsgericht&#8220; | Pflegeservice Wirtz GmbHAhnataler Platz 109217 Burgstädt [&hellip;]</p>
